.
2, 3, 47, 193
What are the prime factors of 143312?
2, 13, 53
What are the prime factors of 118060?
2, 5, 5903
What are the prime factors of 701154?
2, 3, 38953
List the prime factors of 1611094.
2, 53, 15199
List the prime factors of 335589.
3, 111863
List the prime factors of 396384.
2, 3, 4129
List the prime factors of 6330831.
3, 13, 271, 599
What are the prime factors of 42753?
3, 14251
What are the prime factors of 16118121?
3, 1861, 2887
List the prime factors of 10805255.
5, 29, 43, 1733
What are the prime factors of 26442?
2, 3, 13, 113
List the prime factors of 260673.
3, 7, 12413
What are the prime factors of 26828869?
47, 570827
List the prime factors of 1707078.
2, 3, 107, 2659
What are the prime factors of 10434454?
2, 571, 9137
List the prime factors of 7109590.
2, 5, 710959
List the prime factors of 388312.
2, 48539
List the prime factors of 4000532.
2, 1000133
What are the prime factors of 1069348?
2, 7, 181, 211
List the prime factors of 66051.
3, 41, 179
What are the prime factors of 1102861?
1102861
What are the prime factors of 18172?
2, 7, 11, 59
What are the prime factors of 131773?
313, 421
List the prime factors of 13341257.
59, 226123
List the prime factors of 165728.
2, 5179
What are the prime factors of 736159?
736159
List the prime factors of 179920.
2, 5, 13, 173
What are the prime factors of 12087973?
1061, 11393
List the prime factors of 412329.
3, 137443
What are the prime factors of 458290?
2, 5, 7, 6547
What are the prime factors of 994551?
3, 17, 19501
What are the prime factors of 647489?
647489
What are the prime factors of 2457799?
37, 181, 367
List the prime factors of 4774812.
2, 3, 7, 56843
List the prime factors of 131152.
2, 7, 1171
List the prime factors of 194312.
2, 107, 227
What are the prime factors of 9821537?
11, 19, 46993
What are the prime factors of 2391575?
5, 271, 353
List the prime factors of 10587909.
3, 3529303
What are the prime factors of 86510?
2, 5, 41, 211
List the prime factors of 203700.
2, 3, 5, 7, 97
What are the prime factors of 824168?
2, 71, 1451
List the prime factors of 3600690.
2, 3, 5, 19, 6317
List the prime factors of 1059154.
2, 529577
What are the prime factors of 2045264?
2, 13, 9833
What are the prime factors of 944320?
2, 5, 13, 227
What are the prime factors of 4488076?
2, 181, 6199
What are the prime factors of 1094092?
2, 43, 6361
What are the prime factors of 2200017?
3, 733339
What are the prime factors of 240030?
2, 3, 5, 7, 127
List the prime factors of 715449.
3, 7, 31, 157
What are the prime factors of 357073?
357073
What are the prime factors of 280710?
2, 3, 5, 3119
List the prime factors of 5351025.
3, 5, 71347
What are the prime factors of 335933?
13, 25841
What are the prime factors of 1738619?
43, 40433
List the prime factors of 334900.
2, 5, 17, 197
List the prime factors of 891273.
3, 23, 12917
List the prime factors of 2101661.
509, 4129
What are the prime factors of 1000443?
3, 37, 9013
What are the prime factors of 7822396?
2, 61, 32059
List the prime factors of 1636984.
2, 204623
List the prime factors of 3294074.
2, 7, 33613
What are the prime factors of 1623902?
2, 7, 193, 601
What are the prime factors of 8044383?
3, 17, 157733
What are the prime factors of 1340295?
3, 5, 11, 8123
List the prime factors of 428977.
428977
What are the prime factors of 249787?
37, 43, 157
What are the prime factors of 26904948?
2, 3, 7, 17, 83, 227
What are the prime factors of 1406?
2, 19, 37
List the prime factors of 682343.
83, 8221
What are the prime factors of 168573?
3, 83, 677
List the prime factors of 3229399.
3229399
What are the prime factors of 1620461?
1620461
What are the prime factors of 1891362?
2, 3, 11, 28657
List the prime factors of 14281587.
3, 887, 1789
What are the prime factors of 1021047?
3, 31, 10979
List the prime factors of 12276.
2, 3, 11, 31
List the prime factors of 386151.
3, 128717
List the prime factors of 465785.
5, 19, 4903
List the prime factors of 8557727.
8557727
What are the prime factors of 83006?
2, 7, 11
What are the prime factors of 213823?
37, 5779
What are the prime factors of 2772895?
5, 661, 839
What are the prime factors of 847342?
2, 199, 2129
What are the prime factors of 3310011?
3, 43, 2851
List the prime factors of 1030782.
2, 3, 149, 1153
What are the prime factors of 2837829?
3, 945943
What are the prime factors of 379795?
5, 13, 5843
What are the prime factors of 140603?
140603
What are the prime factors of 8471374?
2, 47, 90121
List the prime factors of 333616.
2, 29, 719
List the prime factors of 6680274.
2, 3, 1113379
List the prime factors of 191932.
2, 13, 3691
What are the prime factors of 613706?
2, 306853
What are the prime factors of 58404?
2, 3, 31, 157
What are the prime factors of 358993?
358993
List the prime factors of 2119871.
13, 29, 5623
What are the prime factors of 1640387?
7, 234341
What are the prime factors of 4478446?
2, 7, 17, 31, 607
What are the prime factors of 170463?
3, 56821
List the prime factors of 13923090.
2, 3, 5, 17189
List the prime factors of 164598.
2, 3, 7, 3919
What are the prime factors of 347096?
2, 43, 1009
List the prime factors of 965347.
179, 5393
List the prime factors of 241203.
3, 37, 41, 53
What are the prime factors of 4211132?
2, 223, 4721
List the prime factors of 330432.
2, 3, 1721
List the prime factors of 192463.
192463
What are the prime factors of 1109920?
2, 5, 7, 991
What are the prime factors of 14188035?
3, 5, 631, 1499
List the prime factors of 4372005.
3, 5, 11, 26497
List the prime factors of 19519836.
2, 3, 7, 89, 373
What are the prime factors of 4407767?
7, 13, 48437
List the prime factors of 2405876.
2, 11, 54679
List the prime factors of 20692906.
2, 13, 103, 7727
What are the prime factors of 109426?
2, 54713
What are the prime factors of 1356317?
709, 1913
List the prime factors of 366863.
7, 7487
List the prime factors of 560022.
2, 3, 93337
What are the prime factors of 145251?
3, 16139
What are the prime factors of 2248011?
3, 249779
What are the prime factors of 2000861?
61, 32801
What are the prime factors of 1914478?
2, 19, 83, 607
List the prime factors of 29723.
29723
What are the prime factors of 293862?
2, 3, 17, 43, 67
What are the prime factors of 294425?
5, 11777
List the prime factors of 18913809.
3, 17, 137, 2707
List the prime factors of 27606108.
2, 3, 47, 48947
List the prime factors of 206424.
2, 3, 47, 61
What are the prime factors of 9086812?
2, 7, 324529
What are the prime factors of 15162499?
11, 197, 6997
List the prime factors of 1215367.
1215367
What are the prime factors of 601877?
223, 2699
List the prime factors of 8845813.
8845813
List the prime factors of 1342813.
17, 78989
What are the prime factors of 2096357?
2096357
List the prime factors of 6209936.
2, 137, 2833
What are the prime factors of 249123?
3, 7, 11863
What are the prime factors of 326372?
2, 139, 587
What are the prime factors of 3067308?
2, 3, 9467
What are the prime factors of 154748?
2, 11, 3517
What are the prime factors of 14240059?
23, 103, 6011
List the prime factors of 12287379.
3, 13, 17, 43, 431
What are the prime factors of 23474934?
2, 3, 7, 127, 163
List the prime factors of 2254856.
2, 281857
List the prime factors of 1669064.
2, 23, 47, 193
List the prime factors of 13318046.
2, 7, 43, 22123
List the prime factors of 30655033.
709, 43237
What are the prime factors of 725755?
5, 37, 3923
List the prime factors of 806127.
3, 7, 23, 1669
List the prime factors of 678530.
2, 5, 67853
List the prime factors of 22272170.
2, 5, 97, 22961
List the prime factors of 3235005.
3, 5, 31, 773
List the prime factors of 6853480.
2, 5, 31, 5527
List the prime factors of 3232984.
2, 404123
List the prime factors of 144454.
2, 72227
List the prime factors of 352784.
2, 17, 1297
List the prime factors of 2464319.
11, 13, 19, 907
What are the prime factors of 396078?
2, 3, 251, 263
What are the prime factors of 964266?
2, 3, 160711
What are the prime factors of 5622746?
2, 19, 79, 1873
What are the prime factors of 12531237?
3, 4177079
What are the prime factors of 3380769?
3, 7, 103, 521
What are the prime factors of 1167355?
5, 7, 33353
What are the prime factors of 3688809?
3, 23, 193, 277
What are the prime factors of 39612?
2, 3, 